 is -2 - -8537914?
8537912
In base 14, what is -1 + 1b3bbd?
1b3bbc
In base 11, what is -5 + 286620a?
2866205
In base 4, what is -2230203131000 + -3?
-2230203131003
In base 9, what is -644 - 28486?
-30241
In base 13, what is 1 - 4249113?
-4249112
In base 15, what is 63 - -456b56?
456bb9
In base 8, what is 170 + -174255?
-174065
In base 11, what is -63206a55 + -7?
-63206a61
In base 15, what is -2 - 511ee42?
-511ee44
In base 14, what is -4041d - 1ca3?
-422c2
In base 9, what is -24512181 - 3?
-24512184
In base 12, what is 492 + 45a999?
45b26b
In base 15, what is -3e - 427b?
-42ba
In base 11, what is 10485 - -150?
10625
In base 15, what is c377c - 6b?
c3711
In base 11, what is -4 + 1741220?
1741217
In base 15, what is 29a8e847 - -5?
29a8e84c
In base 4, what is 2211221 - 1311232?
233323
In base 10, what is 210 + -179697?
-179487
In base 11, what is -133 + 32236?
32103
In base 14, what is -48ad + 6587?
1ab8
In base 12, what is -247 + -1596?
-1821
In base 14, what is -1 - -9896c59?
9896c58
In base 3, what is 1010021022120 - -10?
1010021022200
In base 10, what is 68348 + -3175?
65173
In base 16, what is 49d8 - -8d?
4a65
In base 14, what is -117c15b + 1?
-117c15a
In base 13, what is -64b1 - 2188?
-8669
In base 4, what is -12212213210 - -1?
-12212213203
In base 8, what is -65701 - -175?
-65504
In base 11, what is -2 + -4833254?
-4833256
In base 7, what is -55341112 - -3?
-55341106
In base 13, what is 81 - -52ab?
535c
In base 15, what is -6 - 13d2c39?
-13d2c40
In base 5, what is -2011 + -1101231430?
-1101233441
In base 4, what is 32030 + 21000022?
21032112
In base 13, what is -826c2b2 + -5?
-826c2b7
In base 3, what is 110212210111220 - -10?
110212210112000
In base 13, what is 3a640 + -53?
3a5ba
In base 8, what is 60672361 + 1?
60672362
In base 12, what is 7a7 + 2012?
27b9
In base 6, what is 134524 + 42033?
221001
In base 12, what is -46 - -330b4?
3306a
In base 8, what is -1413 - 144757?
-146372
In base 4, what is 31002311211 + 11?
31002311222
In base 8, what is -1 + -7563341?
-7563342
In base 7, what is 4 + 34641660?
34641664
In base 13, what is -2b0 - 3628?
-3908
In base 11, what is -117a0 + 1883?
-aa18
In base 2, what is -1 + 100000001110001110?
100000001110001101
In base 4, what is -330 + 11113201303?
11113200313
In base 4, what is 2221310 - 11302001?
-3020031
In base 16, what is -15c - ab7d3?
-ab92f
In base 7, what is -66212 + 342?
-65540
In base 15, what is 14de3 - -119?
1500c
In base 6, what is -1 + -14450222503?
-14450222504
In base 12, what is -10438 - -b0?
-10348
In base 8, what is 2352 + 706344?
710716
In base 2, what is -101 + -1010000010011111000010001?
-1010000010011111000010110
In base 6, what is 1023552 - 135201?
444351
In base 5, what is -4412330214 - -34?
-4412330130
In base 5, what is 200 + 44430302?
44431002
In base 7, what is 113440 - 26626?
53511
In base 4, what is 2331101030 + -133?
2331100231
In base 6, what is 210122554 - -104?
210123102
In base 12, what is -2 - 88691289?
-8869128b
In base 10, what is 570820 - 25?
570795
In base 7, what is 126 + 120226?
120355
In base 5, what is -31404330 + 13?
-31404312
In base 7, what is 40634 + 403042?
444006
In base 4, what is -2 - 22311122131302?
-22311122131310
In base 8, what is 0 - -3154203?
3154203
In base 11, what is -97223 - -192?
-97041
In base 3, what is -1020 + -112121122001?
-112121200021
In base 13, what is -61c757 - 3?
-61c75a
In base 10, what is 41 + -336343?
-336302
In base 7, what is -363663 + -10?
-364003
In base 10, what is 0 + -15674363?
-15674363
In base 8, what is 177654523 + 4?
177654527
In base 9, what is 33237 - 2522?
30615
In base 7, what is 5 + -25615050?
-25615042
In base 14, what is -a677 + -18?
-a691
In base 6, what is -1255405 + 4223?
-1251142
In base 6, what is -4304201524 + -2?
-4304201530
In base 12, what is 3a123a0 - 3?
3a12399
In base 6, what is -334140 + 23152?
-310544
In base 5, what is 4 - 12420440043?
-12420440034
In base 3, what is 1001 + 1111001120202102?
1111001120210110
In base 6, what is 2 - 3251450205?
-3251450203
In base 11, what is -8644 + -82aa?
-15943
In base 15, what is a - -2cb840?
2cb84a
In base 9, what is 7761301 - 7?
7761283
In base 15, what is -e2e612ce - -2?
-e2e612cc
In base 8, what is -2116 - -620004?
615666
In base 13, what is -bbc5 - -a8?
-bb1a
In base 8, what is 20760 - -76?
21056
In base 13, what is 5 + -6661b6a?
-6661b65
In base 16, what is 3750100 + -7?
37500f9
In base 10, what is -1 - 2378549?
-2378550
In base 11, what is 0 + 313a002?
313a002
In base 7, what is 23 + -44532323?
-44532300
In base 9, what is -3 - -267407787?
267407784
In base 6, what is 222351312 - 30?
222351242
In base 2, what is 10 - -10010110101011110100000110?
10010110101011110100001000
In base 5, what is 1203024 + 333014?
2041043
In base 13, what is b1665 - 53?
b1612
In base 16, what is -4 - -1c562a?
1c5626
In base 13, what is 23 + -69a9407?
-69a93b4
In base 7, what is -35242 - 55001?
-123243
In base 4, what is -3321011311012 - -10?
-3321011311002
In base 9, what is -3 - 148470525?
-148470528
In base 4, what is -21322 + 2302012002?
2301330020
In base 7, what is 2515 + -24365?
-21550
In base 6, what is 53 + -10403225?
-10403132
In base 5, what is -10033 + -40041?
-100124
In base 10, what is 16 - 751882?
-751866
In base 15, what is -a8 - -32d0?
3227
In base 14, what is 12da5 + 7?
12dac
In base 10, what is 13 + -6084421?
-6084408
In base 11, what is -7 - -277a04?
2779a8
In base 12, what is 8 + -4b0a19?
-4b0a11
In base 14, what is 5b62 - 51c?
5644
In base 5, what is 10 - -234301043?
234301103
In base 14, what is -20d6b41 + 10?
-20d6b31
In base 12, what is -168397 - 46?
-168421
In base 12, what is -28 - -39052?
39026
In base 11, what is -2853 + 2a65?
212
In base 4, what is -200 + 320303221?
320303021
In base 7, what is 411 + 1336012?
1336423
In base 8, what is -53 + -2330241?
-2330314
In base 7, what is 13104 - 2653?
10121
In base 5, what is 141120341 + 342?
141121233
In base 7, what is 501 + 1101645?
1102446
In base 3, what is -10 + 11122221120212?
11122221120202
In base 16, what is -2f - -eac8b?
eac5c
In base 3, what is -120 + 202210112012?
202210111122
In base 10, what is 296 + 17009?
17305
In base 5, what is -21221 - -124301334?
124230113
In base 14, what is -38298d1 + -5?
-38298d6
In base 5, what is 234240 + -2211300?
-1422010
In base 2, what is 10101 + -10000011101011100101001?
-10000011101011100010100
In base 9, what is -4 + 112626601?
112626586
In base 2, what is -1001100010111001111 - 101?
-1001100010111010100
In base 13, what is -1 - 7b32c56?
-7b32c57
In base 6, what is -500042 - -53?
-455545
In base 11, what is -930722a + 1?
-9307229
In base 2, what is 11 + -1011100000111010100100?
-1011100000111010100001
In base 5, what is 22244 - -144004?
221303
In base 14, what is -1c64 + -403c?
-5ca2
In base 13, what is -4538576a + -2?
-4538576c
In base 8, what is -3 - 33140410?
-33140413
In base 13, what is 262c - 2a?
2602
In base 14, what is -6542c4 + -18?
-6542dc
In base 16, what is 17 + 156914?
15692b
In base 9, what is -747 + -13571?
-14428
In base 9, what is -874570840 + -3?
-874570843
In base 11, what is 4252 + 447a6?
48a48
In base 12, what is -326 + -6b4925?
-6b504b
In base 6, what is 1 - 300440500?
-300440455
In base 3, what is -21002220112 - 220100?
-21010210212
In base 15, what is -2 - 105ab11d?
-105ab120
In base 4, what is -100330221231 + 23?
-100330221202
In base 13, what is 2931 + 10b59?
1378a
In base 4, what is 3010012 - -20011222?
23021300
In base 2, what is 11101011101010 + 10000110110?
11111100100000
In base 15, what is -1269d - -6c?
-12631
In base 12, what is -19b73 - -47b?
-196b4
In base 10, what is 5 + 1851768?
1851773
In base 14, what is -3a98a + -11?
-3a99b
In base 2, what is -101 + -11000000100101010100100?
-11000000100101010101001
In base 7, what is 45412160 + 26?
45412216
In base 16, what is 1f8f + -3c?
1f53
In base 5, what is 123122104 + -12?
123122042
In base 16, what is 6 + 42e7a5?
42e7ab
In base 15, what is a - -225a28?
225a33
In base 6, what is -23 - -21554011254?
21554011231
In base 4, what is -302 - -110132023?
110131121
In base 16, what is 4 - -2367025?
2367029
In base 15, what is 23 - -1d8d88?
1d8dab
In base 10, what is 2203338060 + -5?
2203338055
In base 15, what is 4 + 6442498?
644249c
In base 6, what is -300030240 + -2?
-30003